me factors of 10441.
53, 197
What are the prime factors of 21609?
3, 7
List the prime factors of 7217.
7, 1031
What are the prime factors of 394?
2, 197
What are the prime factors of 188?
2, 47
List the prime factors of 84995.
5, 89, 191
What are the prime factors of 1753?
1753
List the prime factors of 5045.
5, 1009
List the prime factors of 62892.
2, 3, 1747
List the prime factors of 4332.
2, 3, 19
What are the prime factors of 835?
5, 167
What are the prime factors of 2442?
2, 3, 11, 37
What are the prime factors of 223?
223
What are the prime factors of 28055?
5, 31, 181
List the prime factors of 9309.
3, 29, 107
List the prime factors of 151.
151
List the prime factors of 600.
2, 3, 5
List the prime factors of 1580.
2, 5, 79
What are the prime factors of 8623?
8623
What are the prime factors of 9565?
5, 1913
What are the prime factors of 104072?
2, 13009
List the prime factors of 108163.
11, 9833
What are the prime factors of 8757?
3, 7, 139
What are the prime factors of 1011?
3, 337
List the prime factors of 238.
2, 7, 17
What are the prime factors of 363?
3, 11
List the prime factors of 18634.
2, 7, 11
List the prime factors of 2537.
43, 59
List the prime factors of 1689.
3, 563
List the prime factors of 9071.
47, 193
List the prime factors of 20210.
2, 5, 43, 47
List the prime factors of 7067.
37, 191
List the prime factors of 3838.
2, 19, 101
List the prime factors of 930.
2, 3, 5, 31
List the prime factors of 10668.
2, 3, 7, 127
List the prime factors of 6692.
2, 7, 239
List the prime factors of 20082.
2, 3, 3347
List the prime factors of 73253.
17, 31, 139
List the prime factors of 1066.
2, 13, 41
What are the prime factors of 844?
2, 211
List the prime factors of 2562.
2, 3, 7, 61
List the prime factors of 258.
2, 3, 43
What are the prime factors of 956?
2, 239
List the prime factors of 442.
2, 13, 17
What are the prime factors of 124?
2, 31
What are the prime factors of 88?
2, 11
What are the prime factors of 7866?
2, 3, 19, 23
List the prime factors of 18796.
2, 37, 127
What are the prime factors of 18081?
3, 7, 41
What are the prime factors of 711?
3, 79
List the prime factors of 29894.
2, 14947
List the prime factors of 29474.
2, 14737
List the prime factors of 7292.
2, 1823
What are the prime factors of 3171?
3, 7, 151
List the prime factors of 1450.
2, 5, 29
What are the prime factors of 2988?
2, 3, 83
What are the prime factors of 18345?
3, 5, 1223
What are the prime factors of 1020?
2, 3, 5, 17
What are the prime factors of 28819?
7, 23, 179
List the prime factors of 13383.
3, 1487
What are the prime factors of 2699?
2699
What are the prime factors of 106?
2, 53
List the prime factors of 3157.
7, 11, 41
What are the prime factors of 250?
2, 5
What are the prime factors of 40622?
2, 19, 1069
What are the prime factors of 11543?
7, 17, 97
What are the prime factors of 10462?
2, 5231
List the prime factors of 46873.
19, 2467
What are the prime factors of 2171?
13, 167
What are the prime factors of 5349?
3, 1783
List the prime factors of 1659.
3, 7, 79
List the prime factors of 4254.
2, 3, 709
List the prime factors of 454.
2, 227
List the prime factors of 28683.
3, 3187
What are the prime factors of 830?
2, 5, 83
What are the prime factors of 7119?
3, 7, 113
What are the prime factors of 226?
2, 113
List the prime factors of 248.
2, 31
List the prime factors of 840.
2, 3, 5, 7
List the prime factors of 6196.
2, 1549
What are the prime factors of 6461?
7, 13, 71
List the prime factors of 3702.
2, 3, 617
What are the prime factors of 114?
2, 3, 19
List the prime factors of 13401.
3, 1489
What are the prime factors of 8745?
3, 5, 11, 53
What are the prime factors of 26189?
26189
What are the prime factors of 1387?
19, 73
What are the prime factors of 3470?
2, 5, 347
List the prime factors of 7275.
3, 5, 97
What are the prime factors of 12368?
2, 773
What are the prime factors of 22337?
7, 3191
List the prime factors of 655.
5, 131
What are the prime factors of 645?
3, 5, 43
List the prime factors of 7076.
2, 29, 61
List the prime factors of 968.
2, 11
What are the prime factors of 1077?
3, 359
List the prime factors of 4401.
3, 163
List the prime factors of 9956.
2, 19, 131
What are the prime factors of 8774?
2, 41, 107
What are the prime factors of 96674?
2, 48337
What are the prime factors of 7305?
3, 5, 487
What are the prime factors of 3783?
3, 13, 97
What are the prime factors of 1538?
2, 769
List the prime factors of 10.
2, 5
What are the prime factors of 1024?
2
List the prime factors of 153003.
3, 51001
List the prime factors of 11260.
2, 5, 563
What are the prime factors of 17465?
5, 7, 499
List the prime factors of 614.
2, 307
List the prime factors of 677.
677
List the prime factors of 2597.
7, 53
List the prime factors of 6770.
2, 5, 677
List the prime factors of 5567.
19, 293
List the prime factors of 29572.
2, 7393
What are the prime factors of 4498?
2, 13, 173
List the prime factors of 55468.
2, 7, 283
What are the prime factors of 1227?
3, 409
List the prime factors of 24152.
2, 3019
List the prime factors of 1527.
3, 509
What are the prime factors of 5764?
2, 11, 131
List the prime factors of 19322.
2, 9661
What are the prime factors of 15596?
2, 7, 557
List the prime factors of 101688.
2, 3, 19, 223
What are the prime factors of 20153?
7, 2879
List the prime factors of 23692.
2, 5923
What are the prime factors of 3447?
3, 383
List the prime factors of 1118.
2, 13, 43
What are the prime factors of 1276?
2, 11, 29
List the prime factors of 57238.
2, 28619
List the prime factors of 15620.
2, 5, 11, 71
List the prime factors of 557.
557
What are the prime factors of 52203?
3, 17401
What are the prime factors of 9972?
2, 3, 277
List the prime factors of 669.
3, 223
What are the prime factors of 2162?
2, 23, 47
List the prime factors of 5010.
2, 3, 5, 167
What are the prime factors of 1299?
3, 433
What are the prime factors of 51606?
2, 3, 47, 61
List the prime factors of 11405.
5, 2281
List the prime factors of 1561.
7, 223
List the prime factors of 134016.
2, 3, 349
List the prime factors of 10703.
7, 11, 139
List the prime factors of 2497.
11, 227
List the prime factors of 8202.
2, 3, 1367
What are the prime factors of 2104?
2, 263
List the prime factors of 3497.
13, 269
List the prime factors of 644.
2, 7, 23
List the prime factors of 2436.
2, 3, 7, 29
What are the prime factors of 1505?
5, 7, 43
What are the prime factors of 679?
7, 97
List the prime factors of 273.
3, 7, 13
What are the prime factors of 8559?
3, 317
List the prime factors of 41583.
3, 83, 167
List the prime factors of 1057.
7, 151
List the prime factors of 14483.
7, 2069
List the prime factors of 19043.
137, 139
List the prime factors of 2566.
2, 1283
List the prime factors of 2315.
5, 463
List the prime factors of 62384.
2, 7, 557
What are the prime factors of 92613?
3, 30871
List the prime factors of 193630.
2, 5, 17, 67
What are the prime factors of 145839?
3, 173, 281
List the prime factors of 12509.
7, 1787
List the prime factors of 1539.
3, 19
List the prime factors of 1300.
2, 5, 13
What are the prime factors of 6133?
6133
What are the prime factors of 20179?
17, 1187
What are the prime factors of 326?
2, 163
What are the prime factors of 36713?
36713
List the prime factors of 3790.
2, 5, 379
List the prime factors of 25238.
2, 12619
List the prime factors of 4960.
2, 5, 31
List the prime factors of 1535.
5, 307
What are the prime factors of 3559?
3559
What are the prime factors of 1576?
2, 197
List the prime factors of 45121.
45121
List the prime factors of 863.
863
List the prime factors of 40674.
2, 3, 6779
What are the prime factors of 3862?
2, 1931
What are the prime factors of 2615?
5, 523
What are the prime factors of 6887?
71, 97
List the prime factors of 6190.
2, 5, 619
List the prime factors of 744.
2, 3, 31
What are the prime factors of 4526?
2, 31, 73
List the prime factors of 8887.
8887
List the prime factors of 104695.
5, 20939
What are the prime factors of 821?
821
List the prime factors of 117188.
2, 29297
What are the prime factors of 1017?
3, 113
List the prime factors of 559.
13, 43
List the prime factors of 75331.
71, 1061
What are the prime factors of 19580?
2, 5, 11, 89
List the prime factors of 44839.
44839
Wha